0. Calculate o(-4).
-3
Let k(b) = b**2 - 9*b + 10. Let i be (1 + 9/7)*(-133)/(-38). What is k(i)?
2
Let g = -24 - -30. Let v(f) = -3*f - 4*f**3 - g + 1 - f**2 + 2 + 3*f**3. Calculate v(-2).
7
Let f(k) = -k**3 + k**2 + k - 5. Let v(i) = i - 18. Let a(z) = -5*z + 91. Let q(l) = 2*a(l) + 11*v(l). Let m be q(16). Determine f(m).
-5
Let k(r) = -r + 7. Suppose 10*n - 35*n - 150 = 0. Give k(n).
13
Let s(y) be the first derivative of -5*y**4/2 - y**2/2 - 175. Suppose 2*q - 5*q - p = -2, -q - 5*p = 18. Suppose -q = 2*g - 4*g. Give s(g).
-11
Suppose 0 = -2*y - y + 108. Let v be 1/5 + y/20. Let t(n) = n - n**2 + 0*n**v - 1 + 2*n. Calculate t(4).
-5
Let b(l) be the first derivative of 3*l**2 + 12*l + 5. Let a(s) = -s - 2. Let h(r) = -39*a(r) - 6*b(r). Suppose -4*x - 10 = 6. What is h(x)?
-6
Let m(s) = 8*s**2 + 6*s + 10. Let y(t) = -8*t**2 - 4*t - 7. Let a(o) = -3*m(o) - 4*y(o). Give a(-1).
8
Let h(d) = d**3 + 3*d**2 - 2*d - 1. Suppose -4*s - 4*l = 12, -5*l + 7 - 30 = s. Give h(s).
15
Let o = -942 - -938. Let q(l) = -l**3 - 2*l**2 + 4. Determine q(o).
36
Let q(x) = -12*x**3 + 2*x**2 - 3*x + 2. Suppose 0 = -2*t - 24*t + 26. Determine q(t).
-11
Let r(q) = -7*q - 8*q - 9 - 4*q**2 + 13*q**2 + 26 - q**3 - 11. Give r(7).
-1
Let b be -3 - (-24)/(-4)*(-6)/4. Let a(g) = -g**2 + 9*g - 9. What is a(b)?
9
Let f(b) = -8 - 5 + 2*b**2 + 0*b**2 + 12 - 18*b**3 + 5*b**3. What is f(1)?
-12
Suppose -6*l + 18 = -3*l. Let n(i) = 2*i - 9. Let p(x) = -2*x + 9. Let r(f) = -f**2 + 9*f + 5. Let c be r(9). Let y(k) = c*n(k) + 6*p(k). What is y(l)?
-3
Let w(l) = -10*l**2 - 2*l + 3. Suppose -4*u - 4*q - 37 = -29, -3*u = -3*q - 18. What is w(u)?
-41
Let a(t) be the third derivative of t**4/4 + t**3/6 - t**2. Suppose 0 = -3*o - 13 + 7. Let i be (2/(-4))/(1/o). Calculate a(i).
7
Let n(v) be the third derivative of -v**6/120 + 7*v**5/60 + 3*v**4/8 - v**3/3 - 8*v**2. Let h = 95 - 87. Give n(h).
6
Let n(w) = -5*w + 3. Let a be 1/(-2) + (-220)/(-88). Determine n(a).
-7
Let v(u) = 3*u + 2. Let w be v(2). Let s be ((-18)/w)/(12/(-32)). Suppose -2*p = -s*p, 0 = -2*g - 4*p - 12. Let n(o) = -o**2 - 6*o + 2. Give n(g).
2
Let p(j) be the first derivative of j**2 + 8*j + 362. Calculate p(8).
24
Let v(q) = 1 - 2 - 11*q**2 + 4*q**2. Suppose 0*k = b + k + 2, -b - 5*k = 14. Calculate v(b).
-8
Let f(p) be the third derivative of -p**6/120 - p**5/15 + p**4/6 - p**3/6 - 4*p**2. Let i(z) = -4*z**2 + 120*z - 3. Let c be i(30). What is f(c)?
-22
Let k(c) be the third derivative of -c**6/60 + c**5/60 - c**4/12 + c**3/6 + 47*c**2. Calculate k(1).
-2
Suppose 0 = -6*p + 302 + 292. Let z = p + -104. Let a(b) = 2*b**2 - b**2 + 0*b**2 + 5*b + 3. Give a(z).
3
Let h(z) = -5*z**3 - 30*z**2 - 3*z - 10. Let j(m) = -11*m**3 - 64*m**2 - 7*m - 21. Let g(q) = -13*h(q) + 6*j(q). Calculate g(3).
22
Suppose -4*c - 1 = -a, c - 2*a + 8 + 1 = 0. Let d(s) = -s**2 - 3*s. Let u(l) = 4*l**2 + 14*l. Let x(b) = -28*d(b) - 6*u(b). Calculate x(c).
4
Let t(j) = j**3 - 7*j**2 - 9*j + 5. Let s(r) = 2*r**3 - 15*r**2 - 19*r + 11. Let v(f) = -2*s(f) + 5*t(f). Suppose 6 = -3*q + 24. Determine v(q).
-3
Let h(k) = k - 10. Let g(p) = -29*p - 111. Let x be g(-4). Determine h(x).
-5
Let o(t) = -t**2 - 2*t - 2. Suppose 0 = -s + 19 - 56. Let p = s + 33. Calculate o(p).
-10
Let d(y) = 8*y**2 + 3*y + 2. Let m(v) = 5*v - 56. Let x be m(11). Give d(x).
7
Let i(v) = -2*v - 1. Let b(l) = 9*l + 6. Let t(s) = 2*b(s) + 11*i(s). Suppose 3*a - 6*c = -4*c + 11, 5*a - 11 = -4*c. What is t(a)?
-11
Let x(v) = -12 + v - 4*v + v + v + 10. Determine x(-3).
1
Let u(s) be the first derivative of s**3/3 - 4*s**2 + 10*s + 62. What is u(7)?
3
Let d(z) = -2*z - 1. Let a(j) = -4*j - 6. Let u(r) = a(r) - d(r). Determine u(-5).
5
Suppose 5*z - 5 = 2*h + 3*h, 3*h + 5 = 2*z. Let o be (6/(-8))/(z/8). Let r(u) = -2 - 2*u**3 - 2*u - u**3 + 4*u**3 - 2*u**2. Determine r(o).
1
Let i(u) = -6*u + 4*u - u**3 + 3*u**2 + 9*u - 6. Let t(y) = 2*y + 11. Let o(p) = -p. Let g(x) = o(x) - t(x). Let j be g(-5). Give i(j).
6
Suppose t - 2*y - 15 = 0, -2*t - y = -4*y - 32. Suppose -t*c + 16*c = 9. Let p(s) = s**2 - 3. What is p(c)?
6
Let f(u) = u**3 - 5*u**2. Suppose 4*d - 5*o + 85 = 0, 5*d + 36 = 4*o - 59. Let v be d/12*(-6 + 2). Calculate f(v).
0
Let o(k) be the second derivative of -k**6/120 + k**5/12 + k**4/6 - 7*k**3/6 - 17*k**2 + 18*k + 2. Let z(v) be the first derivative of o(v). Calculate z(5).
13
Let c(n) = n. Suppose -4*g + g + 75 = 4*z, 4*z - 40 = 4*g. Let q = 4 - z. Let m = 16 + q. What is c(m)?
5
Let l(f) = 9*f**3 + 4*f**2 + 0*f**2 + 5*f**3 + 11*f - 19*f**3 + 4*f**3. What is l(6)?
-6
Let v(d) = -3*d - 29. Let w = -472 - -463. What is v(w)?
-2
Suppose -p + w = 4*p - 21, -2*p - w + 14 = 0. Suppose -t + 3*r - p*r - 1 = 0, 0 = -t - 3*r. Let j(f) = 3*f + 4. What is j(t)?
-5
Suppose -5*l = 29*l. Let g(n) = -n**2 - n - 3. Determine g(l).
-3
Suppose 0*h = -6*h - 36. Let i(k) = k**3 + 8*k**2 + 8*k + 3. Give i(h).
27
Let d(c) = -4*c - 13. Suppose 0 = 49*v + 21*v + 140. Give d(v).
-5
Let u(i) = -4*i + 7. Let z(x) = x**3 - 19*x**2 - 120*x + 3. Let a be z(24). Determine u(a).
-5
Let u be 60/8*(-8)/(-12). Let f(r) = u*r - 26 + 0*r + 28. Determine f(-4).
-18
Let j(d) = 16*d**3 + 4*d - 297*d**3 + 280*d**3 + 6 - 4*d**2. Suppose 16 = -4*n - 0. Calculate j(n).
-10
Let g(h) = h**3 - 15*h**2 + 13*h + 4. Let t(c) = -c**3 - 16*c**2 - 57*c + 44. Let s be t(-10). Determine g(s).
-10
Let y = -9304 - -9305. Suppose -d - 5*p = -1, -3*d + 3 = -3*p - 0. Let q(v) = -v + 3*v - 6*v - d. Calculate q(y).
-5
Let y(h) = -2 + h - 2 + 13 - 4 - 4. Let n be 0/(-2) - (-1)/(-1). Calculate y(n).
0
Let u(d) be the third derivative of 7*d**5/15 - d**4/24 - 6*d**2 + 21*d. Determine u(-1).
29
Suppose 43 = -4*s + b, b - 69 = 5*s - 14. Let k = 14 + s. Let v(x) = -3*x**k + 4 - 5 - x**3 - 1. Determine v(-3).
-2
Suppose 0 = -2*s - s + 12. Let c(u) = -u**2 - s*u**2 - 6*u - 3 + 4*u**2. Give c(-6).
-3
Let m(p) be the third derivative of -5*p**4/24 + p**3/2 - 3*p**2. Let c = 8 - 6. Suppose -c*y + 3 = -l, 0 = -5*y - 2*l - 3*l + 15. What is m(y)?
-7
Let q(p) be the first derivative of 5*p**3/3 - p**2 - 193. Calculate q(2).
16
Suppose 4*k + x = 88, -k = -3*x - 21 - 14. Suppose k = -2*j + 21. Let a(s) = s**3 + s**2. What is a(j)?
0
Let p = 154 - 153. Let v(k) = -22*k**3 + k - 1. Calculate v(p).
-22
Suppose 11 = -w + 1. Let k = -6 - w. Suppose 6*v = 2*v - k. Let l(h) = h - 1. Calculate l(v).
-2
Let s(k) = 6*k**2 - 3*k**2 - 5*k**2 - k**3 + 1 - k**3 + 8*k**3. Let y be 10/((2/(-2))/(-2)). Let a be y/(-16) - 1/(-4). Determine s(a).
-7
Let n(a) be the second derivative of -1/24*a**5 + 1/720*a**6 + 0*a**2 + 0*a**3 - a - 5/12*a**4 + 0. Let i(t) be the third derivative of n(t). Determine i(4).
-1
Suppose -5*y + 51 - 26 = 0. Let q(v) = v**3 - 7*v**2 + 11*v - 8. What is q(y)?
-3
Let y(h) = -5 - 3*h - 21*h**2 - 4*h - 26*h**2 + 46*h**2. Let v(d) = d**3 - 4*d**2 - 5*d - 2. Let r be v(5). Let a be r - (2 - 2) - 3. What is y(a)?
5
Let i(q) = -7*q**2 + 6*q - 6. Let h(o) = 8*o**2 - 7*o + 6. Let g(x) = 4*h(x) + 5*i(x). Let y(k) = -k**2 + k - 2. Let c(r) = g(r) - 2*y(r). Calculate c(-3).
-11
Suppose 47*i + 8 = 39*i. Let y(s) = -5*s**2 + 2*s + 1. Determine y(i).
-6
Suppose -i = -3*n - 6, 5*i - n + 1 = 87. Suppose 0*o - 3*o = i. Let y(z) = z**2 + 7*z - 8. Calculate y(o).
-14
Let s(i) = 41 + 43 - 7*i - i**3 - 6*i**2 + 2*i**3 - 120 + 41. Determine s(7).
5
Let b(l) = -l**2 + 2*l - 3. Let k be b(3). Let t(h) be the first derivative of 2*h**3/3 + 5*h**2 + 9*h - 264. What is t(k)?
21
Let b = 66 + -57. Suppose 0 = 39*w - 36*w + b. Let m(q) = -q**3 - 2*q**2 - 3*q + 2. Give m(w).
20
Suppose -29 = -5*c + 51. Let m(b) = -2*b**2 + 10 + 2*b + 6 - c. What is m(2)?
-4
Suppose 4*r = 20 + 12. Let b(u) = 1 - 2*u + 0 + 4*u + r*u. What is b(-1)?
-9
Let w(x) = x + 39*x**2 - 17*x**2 + 9 - 10 + 7*x**2. Calculate w(1).
29
Let h = -6 - -6. Suppose h = -k + 4. Let l(c) be the third derivative of -c**5/30 + c**4/4 - 2*c**3/3 - 6*c**2. Give l(k).
-12
Let i = 49 + -47. Let r(v) = 1 + i + v - 2 + 1. Determine r(8).
10
Let b(y) = -1. Let w(p) = -2 + 0*p - 5*p + 0*p + 10*p. Let h(a) = -6*b(a) + w(a). Calculate h(-3).
-11
Let u(c) = -6*c + 1. Let y = 32 + -34. Let d(b) = -2*b. Let n(k) = y*u(k) + 7*d(k). Let t(p) = 2*p. Let g be t(-2). Give n(g).
6
Let v be 1/((-4)/(-2) - (-325)/(-165)). Suppose -